vide 28?
True
Does 71 divide 12638?
True
Is 18 a factor of 6156?
True
Does 136 divide 40036?
False
Is 5 a factor of 278?
False
Is 338 a multiple of 43?
False
Is 101 a factor of 54035?
True
Does 13 divide 14775?
False
Is 2 a factor of 84?
True
Is 62196 a multiple of 146?
True
Does 53 divide 4033?
False
Does 3 divide 351?
True
Is 14 a factor of 2716?
True
Does 11 divide 121?
True
Is 36 a factor of 1620?
True
Is 4737 a multiple of 50?
False
Is 11 a factor of 308?
True
Is 146 a multiple of 12?
False
Does 12 divide 6984?
True
Is 11 a factor of 390?
False
Is 13 a factor of 195?
True
Is 57 a factor of 2052?
True
Does 127 divide 10354?
False
Does 107 divide 4242?
False
Does 23 divide 782?
True
Is 9427 a multiple of 153?
False
Is 1116 a multiple of 36?
True
Is 33 a factor of 20625?
True
Does 31 divide 30997?
False
Does 92 divide 2024?
True
Is 3036 a multiple of 69?
True
Is 3 a factor of 437?
False
Is 165 a multiple of 14?
False
Is 34425 a multiple of 45?
True
Is 51 a factor of 352?
False
Is 12 a factor of 19036?
False
Is 236 a multiple of 19?
False
Is 2 a factor of 156?
True
Does 27 divide 3915?
True
Is 92 a factor of 5060?
True
Does 51 divide 10203?
False
Is 45 a factor of 182345?
False
Does 15 divide 16997?
False
Does 29 divide 29209?
False
Is 5 a factor of 2542?
False
Is 69776 a multiple of 28?
True
Does 68 divide 204?
True
Is 20 a factor of 860?
True
Is 13 a factor of 65429?
True
Does 7 divide 223?
False
Does 23 divide 19872?
True
Is 54 a multiple of 4?
False
Is 9 a factor of 2707?
False
Is 27 a factor of 17118?
True
Is 53 a factor of 5217?
False
Is 14 a factor of 9702?
True
Does 30 divide 503?
False
Is 2 a factor of 1168?
True
Is 3036 a multiple of 66?
True
Is 64170 a multiple of 11?
False
Does 13 divide 12597?
True
Is 360 a multiple of 40?
True
Is 1216 a multiple of 17?
False
Does 19 divide 8170?
True
Is 10 a factor of 3590?
True
Does 74 divide 1659?
False
Is 7276 a multiple of 18?
False
Is 69 a factor of 276?
True
Is 140 a factor of 3360?
True
Is 40 a multiple of 7?
False
Is 132 a factor of 7392?
True
Does 30 divide 392?
False
Is 19 a factor of 6118?
True
Is 114 a factor of 17739?
False
Is 9 a factor of 4815?
True
Is 708 a multiple of 41?
False
Does 6 divide 492?
True
Is 14 a factor of 63098?
True
Is 4 a factor of 394?
False
Is 107 a multiple of 14?
False
Does 56 divide 55196?
False
Does 2 divide 37?
False
Does 67 divide 822?
False
Is 2188 a multiple of 50?
False
Is 11 a factor of 1571?
False
Is 14 a factor of 504?
True
Is 40 a factor of 476?
False
Does 4 divide 2778?
False
Is 1235 a multiple of 13?
True
Does 13 divide 3718?
True
Does 95 divide 32015?
True
Does 12 divide 2844?
True
Is 21543 a multiple of 15?
False
Is 3149 a multiple of 67?
True
Does 14 divide 1990?
False
Is 16 a factor of 8288?
True
Is 1888 a multiple of 11?
False
Is 22 a factor of 5034?
False
Is 33 a factor of 1167?
False
Is 32 a factor of 1344?
True
Is 775 a multiple of 6?
False
Does 24 divide 1236?
False
Does 25 divide 2525?
True
Does 58 divide 2589?
False
Does 7 divide 1224?
False
Is 46 a multiple of 13?
False
Is 2173 a multiple of 53?
True
Is 3984 a multiple of 4?
True
Is 38 a factor of 76?
True
Is 5 a factor of 75973?
False
Is 53 a factor of 4085?
False
Is 4441 a multiple of 111?
False
Is 423 a multiple of 9?
True
Is 17 a factor of 1649?
True
Is 6797 a multiple of 52?
False
Is 69 a multiple of 69?
True
Is 2885 a multiple of 72?
False
Does 34 divide 2271?
False
Is 4 a factor of 221?
False
Does 20 divide 2755?
False
Is 932 a multiple of 72?
False
Is 40093 a multiple of 21?
False
Does 39 divide 2694?
False
Is 4026 a multiple of 32?
False
Is 88404 a multiple of 286?
False
Is 1175 a multiple of 3?
False
Is 150 even?
True
Does 13 divide 236?
False
Is 8 a factor of 9344?
True
Does 7 divide 11351?
False
Is 36 a factor of 1057?
False
Is 58 a factor of 7018?
True
Is 1503 a multiple of 10?
False
Does 81 divide 14013?
True
Is 170 a factor of 83300?
True
Is 4 a factor of 4505?
False
Does 10 divide 30?
True
Is 6 a factor of 426?
True
Is 46 a factor of 92?
True
Is 41 a factor of 15580?
True
Is 33 a factor of 1122?
True
Is 63418 a multiple of 74?
True
Is 4615 a multiple of 8?
False
Does 6 divide 37820?
False
Does 39 divide 663?
True
Is 9301 a multiple of 5?
False
Is 21 a factor of 13878?
False
Does 4 divide 19380?
True
Is 35 a factor of 263?
False
Is 27 a factor of 6912?
True
Is 780 a multiple of 6?
True
Is 560 a multiple of 5?
True
Does 42 divide 8526?
True
Does 2 divide 55?
False
Does 38 divide 4454?
False
Does 30 divide 7320?
True
Is 83394 a multiple of 246?
True
Is 9744 a multiple of 56?
True
Is 529 a multiple of 45?
False
Is 640 a multiple of 20?
True
Is 3 a factor of 29?
False
Is 654 a multiple of 2?
True
Is 320 a multiple of 20?
True
Is 20485 a multiple of 67?
False
Is 4428 a multiple of 27?
True
Does 22 divide 880?
True
Does 48 divide 8313?
False
Is 75 a factor of 10887?
False
Is 28 a factor of 280?
True
Does 12 divide 8166?
False
Does 5 divide 1600?
True
Is 64617 a multiple of 17?
True
Is 32 a multiple of 16?
True
Does 23 divide 3885?
False
Is 969 a multiple of 6?
False
Is 11404 a multiple of 58?
False
Is 77 a factor of 1078?
True
Is 30 a factor of 5160?
True
Is 4 a factor of 17021?
False
Does 21 divide 35640?
False
Does 6 divide 432?
True
Does 11 divide 185?
False
Does 48 divide 49104?
True
Does 67 divide 30208?
False
Is 16 a factor of 425?
False
Is 1689 a multiple of 13?
False
Is 195 a factor of 21353?
False
Is 98 a factor of 32729?
False
Is 2130 a multiple of 147?
False
Does 49 divide 1341?
False
Does 15 divide 15945?
True
Is 141 even?
False
Is 1035 a multiple of 69?
True
Is 10692 a multiple of 22?
True
Is 32 a factor of 1087?
False
Is 20 a factor of 11780?
True
Is 12 a factor of 924?
True
Is 7 a factor of 1449?
True
Does 50 divide 30933?
False
Is 15190 a multiple of 153?
False
Is 4778 a multiple of 253?
False
Is 92 a factor of 1380?
True
Is 27 a factor of 10260?
True
Does 97 divide 13057?
False
Does 137 divide 1878?
False
Is 2600 a multiple of 5?
True
Is 1496 a multiple of 17?
True
Does 3 divide 3065?
False
Is 1738 a multiple of 22?
True
Is 19168 a multiple of 9?
False
Is 68 a factor of 39834?
False
Is 45630 a multiple of 18?
True
Is 2679 a multiple of 16?
False
Is 5 a factor of 505?
True
Does 14 divide 3145?
False
Is 5159 a multiple of 85?
False
Is 14307 a multiple of 110?
False
Is 23 a factor of 1170?
False
Is 1653 a multiple of 30?
False
Is 3239 a multiple of 57?
False
Does 5 divide 898?
False
Does 33 divide 264?
True
Does 14 divide 35755?
False
Is 8 a factor of 13688?
True
Is 1845 a multiple of 6?
False
Is 5967 a multiple of 39?
True
Is 19 a factor of 1805?
True
Is 14 a factor of 262?
False
Is 657 a multiple of 13?
False
Is 1564 a multiple of 46?
True
Is 3 a factor of 8?
False
Does 60 divide 855?
False
Is 11 a factor of 80?
False
Is 200 a multiple of 4?
True
Is 21 a factor of 756?
True
Is 10 a factor of 100?
True
Does 34 divide 34642?
False
Is 43020 a multiple of 170?
False
Is 10506 a multiple of 206?
True
Does 27 divide 1107?
True
Is 666 a multiple of 37?
True
Does 66 divide 4995?
False
Is 63 a factor of 504?
True
Does 22 divide 1166?
True
Does 5 divide 310?
True
Is 5745 a multiple of 5?
True
Is 3896 a multiple of 111?
False
Is 28799 a multiple of 104?
False
Does 184 divide 8648?
True
Is 61 a factor of 671?
True
Does 247 divide 38627?
False
Does 2 divide 235?
False
Does 5 divide 680?
True
Is 107310 a multiple of 35?
True
Is 33821 a multiple of 28?
False
Is 16 a factor of 96?
True
Is 30 a factor of 1054?
False
Is 5 a factor of 1215?
True
Is 7 a factor of 945?
True
Is 3930 a multiple of 10?
True
Is 5769 a multiple of 101?
False
Is 20445 a multiple of 141?
True
Is 105 a factor of 111510?
True
Is 785 a multiple of 103?
False
Is 66 a factor of 11711?
False
Is 15 a factor of 1535?
False
Is 1013 a multiple of 88?
False
Does 8 divide 7472?
True
Is 44 a factor of 2068?
True
Is 1929 a multiple of 16?
False
Is 88 a factor of 2846?
False
Is 115 a factor of 16156?
False
Does 4 divide 92?
True
Is 41 a factor of 963?
False
Does 138 divide 1541?
False
Is 159 a factor of 2703?
True
Is 3095 a multiple of 21?
False
Is 65 a factor of 76635?
True
Is 22 a factor of 17490?
True
Is 19387 a multiple of 19?
False
Is 5560 a multiple of 20?
True
Does 133 divide 14098?
True
Is 32274 a multiple 